{"id":1554,"date":"2025-05-23T10:58:23","date_gmt":"2025-05-23T08:58:23","guid":{"rendered":"https:\/\/fernandez-madrid-iglesias-pereira.es\/?page_id=1554"},"modified":"2025-05-23T10:58:23","modified_gmt":"2025-05-23T08:58:23","slug":"restauracion-patrimonio","status":"publish","type":"page","link":"https:\/\/fernandez-madrid-iglesias-pereira.es\/?page_id=1554","title":{"rendered":"Residencial"},"content":{"rendered":"<section id=\"content-section-0\" class=\"block ds-block ds-block--first cover-block fg-dark v-text-center v-height-small bg-button-color-1 block-button-background border-bottom fadeIn \" data-body-row-position=\"0\">\n<div class=\" container \" data-ds-container=\"\">\n<div class=\"row ds-block-content no-reverse full-visible\" data-vp-remove-class=\"hiddenEffect\" data-vp-offset=\"100\" data-vp-add-class=\"visibleEffect animated fadeIn \">\n<div class=\"ds-col col-12 col-sm-12 col-md-12 col-lg-12 \">\n<div class=\"content-entry \">\n<div class=\"entry-text js-content-mobile\">\n<div class=\"content\">\n<p class=\"text-shadow\"><b>Proyectos Residenciales<\/b><\/p>\n<div class=\"text\"><\/div>\n<\/div>\n<\/div>\n<\/div>\n<\/div>\n<\/div>\n<\/div>\n<div class=\"background\" data-sw-block-background=\"\">\n<div class=\"bg-color \"><\/div>\n<div class=\"bg-image v-bg-fixed \"><\/div>\n<\/div>\n<\/section>\n<section id=\"content-section-1\" class=\"block ds-block ds-block--inner-padding-4 fg-dark v-text-left v-height-none fadeIn \" data-body-row-position=\"1\">\n<div class=\" container \" data-ds-container=\"\">\n<div class=\"row ds-block-content no-reverse full-visible\" data-vp-remove-class=\"hiddenEffect\" data-vp-offset=\"100\" data-vp-add-class=\"visibleEffect animated fadeIn \">\n<div class=\"ds-col col-12 col-sm-12 col-md-12 col-lg-12 \">\n<div class=\"content-entry content-entry--n-element\"><\/div>\n<\/div>\n<\/div>\n<\/div>\n<div class=\"background\" data-sw-block-background=\"\">\n<div class=\"bg-color \"><\/div>\n<div class=\"bg-image v-bg-fixed \"><\/div>\n<\/div>\n<\/section>\n<section id=\"content-section-2\" class=\"block ds-block block-pricing-1 fg-dark v-text-center v-height-min bg-button-color-8 block-button-background has-title border-bottom fadeIn \" data-body-row-position=\"2\">\n<div class=\" container \" data-ds-container=\"\">\n<div class=\"row ds-block-content no-reverse\" data-vp-remove-class=\"hiddenEffect\" data-vp-offset=\"100\" data-vp-add-class=\"visibleEffect animated fadeIn \">\n<div class=\"ds-col col-12 col-title\">\n<h2 class=\"title-block\">Dise\u00f1o de proyectos para uso como vivienda<\/h2>\n<\/div>\n<div class=\"ds-col col-12 col-sm-12 col-md-12 col-lg-12 \">\n<div class=\"row n-widget justify-content-center\" data-cn-grid=\"\">\n<div class=\"ds-col ds-cn-grid-element col-12 col-sm-4 col-md-4 \" data-cn-grid-element=\"\">\n<div class=\"element target\">\n<div class=\"target-body\">\n<div class=\"target-body_top\"><\/div>\n<div class=\"target-body_bottom\">\n<div class=\"\">\n<div class=\" image ds-image \" data-ds-image=\"\">\n<figure class=\"figure-content ds-eb-image\">\n<div class=\"size ratio--16-9 \"><\/div>\n<div class=\"picture-fit picture-fit--cover\"><a href=\"https:\/\/fernandez-madrid-iglesias-pereira.es\/?page_id=1616\" aria-label=\"enlace Unnamed 4 \"><img decoding=\"async\" class=\"img-fluid\" src=\"https:\/\/fernandez-madrid-iglesias-pereira.es\/?page_id=1708\" sizes=\" (max-width:768px) 100vw, (max-width:992px) 100vw, (max-width:1200px) 100vw, 100vw\" srcset=\"https:\/\/fernandez-madrid-iglesias-pereira.es\/wp-content\/uploads\/2025\/07\/unnamed_4.jpg 256w, https:\/\/fernandez-madrid-iglesias-pereira.es\/wp-content\/uploads\/2025\/07\/unnamed_4.jpg 512w, https:\/\/fernandez-madrid-iglesias-pereira.es\/wp-content\/uploads\/2025\/07\/unnamed_4.jpg 1000w, https:\/\/fernandez-madrid-iglesias-pereira.es\/wp-content\/uploads\/2025\/07\/unnamed_4.jpg 2000w\" alt=\"Unnamed 4 \" \/><\/a><\/div>\n<\/figure>\n<\/div>\n<\/div>\n<div class=\"ds-subtitle \">\n<p><b>CONJUNTO RESIDENCIAL FONTECULLER<\/b><\/p>\n<\/div>\n<div class=\"pricing-shape\"><\/div>\n<div class=\"text \">\n<p>Culleredo (A Coru\u00f1a)<\/p>\n<\/div>\n<p><a class=\"btn btn-lg btn-primary bd-btn\" href=\"https:\/\/fernandez-madrid-iglesias-pereira.es\/?page_id=1616\">M\u00e1s detalles<\/a><\/p>\n<\/div>\n<\/div>\n<\/div>\n<\/div>\n<div class=\"ds-col ds-cn-grid-element col-12 col-sm-4 col-md-4 \" data-cn-grid-element=\"\">\n<div class=\"element target\">\n<div class=\"target-body\">\n<div class=\"target-body_top\"><\/div>\n<div class=\"target-body_bottom\">\n<div class=\"\">\n<div class=\" image ds-image \" data-ds-image=\"\">\n<figure class=\"figure-content ds-eb-image\">\n<div class=\"size ratio--16-9 \"><\/div>\n<div class=\"picture-fit picture-fit--cover\"><a href=\"https:\/\/fernandez-madrid-iglesias-pereira.es\/?page_id=1618\" aria-label=\"enlace Edificio residencial en A Coru\u00f1a, que ofrece 63 viviendas VPO dise\u00f1ado por Fern\u00e1ndez Madrid e Iglesias Pereira\"><img decoding=\"async\" class=\"img-fluid\" src=\"https:\/\/fernandez-madrid-iglesias-pereira.es\/?page_id=1708\" sizes=\" (max-width:768px) 100vw, (max-width:992px) 100vw, (max-width:1200px) 100vw, 100vw\" srcset=\"https:\/\/fernandez-madrid-iglesias-pereira.es\/wp-content\/uploads\/2025\/07\/7.png 256w, https:\/\/fernandez-madrid-iglesias-pereira.es\/wp-content\/uploads\/2025\/07\/7.png 512w, https:\/\/fernandez-madrid-iglesias-pereira.es\/wp-content\/uploads\/2025\/07\/7.png 1000w, https:\/\/fernandez-madrid-iglesias-pereira.es\/wp-content\/uploads\/2025\/07\/7.png 2000w\" alt=\"Edificio residencial en A Coru\u00f1a, que ofrece 63 viviendas VPO dise\u00f1ado por Fern\u00e1ndez Madrid e Iglesias Pereira\" \/><\/a><\/div>\n<\/figure>\n<\/div>\n<\/div>\n<div class=\"ds-subtitle \">\n<p><b>63 VIVIENDAS VPO -CORU\u00d1A<\/b><\/p>\n<\/div>\n<div class=\"pricing-shape\"><\/div>\n<div class=\"text \">Calle Caballero (A Coru\u00f1a)<\/div>\n<p><a class=\"btn btn-lg btn-primary bd-btn\" href=\"https:\/\/fernandez-madrid-iglesias-pereira.es\/?page_id=1618\">M\u00e1s detalles<\/a><\/p>\n<\/div>\n<\/div>\n<\/div>\n<\/div>\n<div class=\"ds-col ds-cn-grid-element col-12 col-sm-4 col-md-4 \" data-cn-grid-element=\"\">\n<div class=\"element target\">\n<div class=\"target-body\">\n<div class=\"target-body_top\">\n<h3 class=\"ds-title \" data-ds-title=\"\"><a class=\"unstyled\" href=\"https:\/\/fernandez-madrid-iglesias-pereira.es\/?page_id=1620\">Rehabilitaci\u00f3n<\/a><\/h3>\n<\/div>\n<div class=\"target-body_bottom\">\n<div class=\"\">\n<div class=\" image ds-image \" data-ds-image=\"\">\n<figure class=\"figure-content ds-eb-image\">\n<div class=\"size ratio--16-9 \"><\/div>\n<div class=\"picture-fit picture-fit--cover\"><a href=\"https:\/\/fernandez-madrid-iglesias-pereira.es\/?page_id=1620\" aria-label=\"enlace Unnamed 10 1 \"><img decoding=\"async\" class=\"img-fluid\" src=\"https:\/\/fernandez-madrid-iglesias-pereira.es\/?page_id=1708\" sizes=\" (max-width:768px) 100vw, (max-width:992px) 100vw, (max-width:1200px) 100vw, 100vw\" srcset=\"https:\/\/fernandez-madrid-iglesias-pereira.es\/wp-content\/uploads\/2025\/07\/unnamed_10_1.jpg 256w, https:\/\/fernandez-madrid-iglesias-pereira.es\/wp-content\/uploads\/2025\/07\/unnamed_10_1.jpg 512w, https:\/\/fernandez-madrid-iglesias-pereira.es\/wp-content\/uploads\/2025\/07\/unnamed_10_1.jpg 1000w, https:\/\/fernandez-madrid-iglesias-pereira.es\/wp-content\/uploads\/2025\/07\/unnamed_10_1.jpg 2000w\" alt=\"Unnamed 10 1 \" \/><\/a><\/div>\n<\/figure>\n<\/div>\n<\/div>\n<div class=\"ds-subtitle \">\n<p><b>COLEGIO MAYOR AROSA<\/b><\/p>\n<\/div>\n<div class=\"pricing-shape\"><\/div>\n<div class=\"text \">\n<p>Calle do H\u00f3rreo\u00a0(A Coru\u00f1a)<\/p>\n<\/div>\n<p><a class=\"btn btn-lg btn-primary bd-btn\" href=\"https:\/\/fernandez-madrid-iglesias-pereira.es\/?page_id=1620\">M\u00e1s detalles<\/a><\/p>\n<\/div>\n<\/div>\n<\/div>\n<\/div>\n<div class=\"ds-col ds-cn-grid-element col-12 col-sm-4 col-md-4 \" data-cn-grid-element=\"\">\n<div class=\"element target\">\n<div class=\"target-body\">\n<div class=\"target-body_top\"><\/div>\n<div class=\"target-body_bottom\">\n<div class=\"\">\n<div class=\" image ds-image \" data-ds-image=\"\">\n<figure class=\"figure-content ds-eb-image\">\n<div class=\"size ratio--16-9 \"><\/div>\n<div class=\"picture-fit picture-fit--cover\"><a href=\"https:\/\/fernandez-madrid-iglesias-pereira.es\/?page_id=1622\" aria-label=\"enlace Unnamed 11 \"><img decoding=\"async\" class=\"img-fluid\" src=\"https:\/\/fernandez-madrid-iglesias-pereira.es\/?page_id=1708\" sizes=\" (max-width:768px) 100vw, (max-width:992px) 100vw, (max-width:1200px) 100vw, 100vw\" srcset=\"https:\/\/fernandez-madrid-iglesias-pereira.es\/wp-content\/uploads\/2025\/07\/unnamed_11.jpg 256w, https:\/\/fernandez-madrid-iglesias-pereira.es\/wp-content\/uploads\/2025\/07\/unnamed_11.jpg 512w, https:\/\/fernandez-madrid-iglesias-pereira.es\/wp-content\/uploads\/2025\/07\/unnamed_11.jpg 1000w, https:\/\/fernandez-madrid-iglesias-pereira.es\/wp-content\/uploads\/2025\/07\/unnamed_11.jpg 2000w\" alt=\"Unnamed 11 \" \/><\/a><\/div>\n<\/figure>\n<\/div>\n<\/div>\n<div class=\"ds-subtitle \">\n<p><b>VIVIENDA EN CIUDAD VIEJA<\/b><\/p>\n<\/div>\n<div class=\"pricing-shape\"><\/div>\n<div class=\"text \">\n<p>Calle Santa Mar\u00eda (A Coru\u00f1a)<\/p>\n<\/div>\n<\/div>\n<\/div>\n<\/div>\n<\/div>\n<\/div>\n<\/div>\n<\/div>\n<\/div>\n<\/section>\n","protected":false},"excerpt":{"rendered":"<p>Proyectos Residenciales Dise\u00f1o de proyectos para uso como vivienda CONJUNTO RESIDENCIAL FONTECULLER Culleredo (A Coru\u00f1a)&hellip;<\/p>\n","protected":false},"author":1,"featured_media":0,"parent":0,"menu_order":0,"comment_status":"closed","ping_status":"closed","template":"","meta":{"footnotes":""},"class_list":["post-1554","page","type-page","status-publish","hentry"],"_links":{"self":[{"href":"https:\/\/fernandez-madrid-iglesias-pereira.es\/index.php?rest_route=\/wp\/v2\/pages\/1554","targetHints":{"allow":["GET"]}}],"collection":[{"href":"https:\/\/fernandez-madrid-iglesias-pereira.es\/index.php?rest_route=\/wp\/v2\/pages"}],"about":[{"href":"https:\/\/fernandez-madrid-iglesias-pereira.es\/index.php?rest_route=\/wp\/v2\/types\/page"}],"author":[{"embeddable":true,"href":"https:\/\/fernandez-madrid-iglesias-pereira.es\/index.php?rest_route=\/wp\/v2\/users\/1"}],"replies":[{"embeddable":true,"href":"https:\/\/fernandez-madrid-iglesias-pereira.es\/index.php?rest_route=%2Fwp%2Fv2%2Fcomments&post=1554"}],"version-history":[{"count":0,"href":"https:\/\/fernandez-madrid-iglesias-pereira.es\/index.php?rest_route=\/wp\/v2\/pages\/1554\/revisions"}],"wp:attachment":[{"href":"https:\/\/fernandez-madrid-iglesias-pereira.es\/index.php?rest_route=%2Fwp%2Fv2%2Fmedia&parent=1554"}],"curies":[{"name":"wp","href":"https:\/\/api.w.org\/{rel}","templated":true}]}}